mber?
False
Is 37130377 composite?
True
Is 1224577 prime?
True
Is 44362379 composite?
False
Is 59333 prime?
True
Is 5180653 a prime number?
True
Is 37427147 a prime number?
True
Is 48018469 composite?
True
Is 43642507 prime?
True
Is 227893 prime?
True
Is 2894655689 a composite number?
False
Is 1750709 composite?
True
Is 16741771 a prime number?
False
Is 13879933 a composite number?
True
Is 17795101 composite?
False
Is 13485997 a composite number?
True
Is 341057499 a composite number?
True
Is 521076719 prime?
False
Is 1224389 a prime number?
True
Is 60525913 composite?
True
Is 17750231 prime?
True
Is 7395631 a prime number?
False
Is 25013381 prime?
True
Is 2398859 a composite number?
True
Is 138816079 composite?
False
Is 7215697 a prime number?
True
Is 20812405 composite?
True
Is 136121239 composite?
False
Is 450787 composite?
False
Is 20073539 prime?
False
Is 614407 a composite number?
True
Is 18085039 a prime number?
False
Is 142300083 prime?
False
Is 15444287 a prime number?
True
Is 5115301 prime?
True
Is 483215 a composite number?
True
Is 215007997 a composite number?
False
Is 146032435 composite?
True
Is 25905767 prime?
True
Is 71989927 composite?
True
Is 3162443 a prime number?
True
Is 7836665 a prime number?
False
Is 24237889 composite?
True
Is 229048019 a prime number?
False
Is 3722149 a composite number?
False
Is 87904967 a prime number?
True
Is 498398037 a prime number?
False
Is 441761 a composite number?
True
Is 11620787 prime?
True
Is 502980391 composite?
True
Is 164992721 composite?
False
Is 304617086 a prime number?
False
Is 1804709 a prime number?
True
Is 64490039 a composite number?
True
Is 12055339 a composite number?
True
Is 1078139 prime?
False
Is 7517347 composite?
False
Is 4793993 composite?
True
Is 312717671 prime?
False
Is 5045398 composite?
True
Is 75605 prime?
False
Is 50306633 prime?
False
Is 12242341 prime?
False
Is 84464609 a composite number?
False
Is 1319509 prime?
True
Is 1313087 a prime number?
True
Is 278219 a composite number?
False
Is 3901301 composite?
False
Is 1655149 a composite number?
True
Is 32186953 composite?
True
Is 65672809 a composite number?
True
Is 673871827 prime?
True
Is 28900717 composite?
True
Is 623748403 prime?
False
Is 292427 a composite number?
False
Is 535715351 prime?
True
Is 19089913 a composite number?
True
Is 66681647 a composite number?
False
Is 69047663 prime?
True
Is 3948933 a prime number?
False
Is 647579 a prime number?
True
Is 2811967 a composite number?
True
Is 1869493 a composite number?
True
Is 328587447 a composite number?
True
Is 9138323 a prime number?
True
Is 1199453 prime?
False
Is 11507641 composite?
False
Is 14435657 composite?
False
Is 582059 a prime number?
False
Is 324773 a composite number?
False
Is 9320669 a prime number?
False
Is 4484689 prime?
False
Is 73381351 a prime number?
True
Is 102806931 a prime number?
False
Is 7410539 composite?
True
Is 82086281 a composite number?
True
Is 167709149 prime?
True
Is 6209107 composite?
True
Is 31649329 composite?
True
Is 376812581 a prime number?
True
Is 577007 prime?
True
Is 83169589 composite?
True
Is 3833881 a prime number?
True
Is 11509621 a composite number?
False
Is 84789329 a prime number?
False
Is 496399 a prime number?
True
Is 2191619 a prime number?
True
Is 3095251 prime?
False
Is 7914191 prime?
True
Is 129275477 composite?
True
Is 4819777 composite?
True
Is 120915953 a composite number?
False
Is 93096719 a prime number?
True
Is 32216189 a prime number?
False
Is 1920433 a composite number?
False
Is 1582003 a composite number?
True
Is 1242151 composite?
False
Is 86981627 composite?
True
Is 18316321 composite?
True
Is 49546267 prime?
True
Is 873437 prime?
True
Is 2680409 prime?
True
Is 728749 prime?
False
Is 24363821 composite?
False
Is 7176493 prime?
False
Is 492312043 prime?
True
Is 1594721 a prime number?
True
Is 40527273 prime?
False
Is 1442883829 a composite number?
True
Is 200485633 prime?
False
Is 6988663 a composite number?
True
Is 80693159 prime?
True
Is 181686019 prime?
True
Is 143839853 a prime number?
False
Is 969593 prime?
True
Is 47348069 prime?
True
Is 2120113 prime?
True
Is 55046389 a prime number?
True
Is 5330011 composite?
True
Is 4658482 a prime number?
False
Is 62466107 composite?
True
Is 158927 a prime number?
True
Is 768301 a prime number?
True
Is 104337983 composite?
False
Is 19279709 a prime number?
True
Is 4519679 composite?
True
Is 3079319 prime?
True
Is 6155483 composite?
False
Is 6896261 composite?
False
Is 884257 a composite number?
True
Is 24335047 a composite number?
True
Is 128196553 composite?
True
Is 4468153 a composite number?
False
Is 3219317 prime?
False
Is 1356133 prime?
True
Is 49448341 prime?
True
Is 78425177 prime?
True
Is 2171009 composite?
True
Is 53198414 a composite number?
True
Is 101570509 a composite number?
True
Is 2156401 prime?
False
Is 8976767 a composite number?
False
Is 31799 a prime number?
True
Is 37121203 prime?
False
Is 7959947 a composite number?
True
Is 25800239 composite?
False
Is 303018501 prime?
False
Is 203113099 prime?
False
Is 13597771 composite?
True
Is 32897753 prime?
False
Is 448623237 prime?
False
Is 11326034 a prime number?
False
Is 2495627 a composite number?
True
Is 795869 composite?
True
Is 22715951 composite?
True
Is 2939869 prime?
True
Is 2959181 composite?
True
Is 284273485 prime?
False
Is 16004329 a composite number?
True
Is 794753 prime?
False
Is 924719 prime?
True
Is 1726139 a composite number?
False
Is 67421 prime?
True
Is 5550533 composite?
True
Is 12686081 composite?
False
Is 193796453 prime?
False
Is 481379339 a prime number?
False
Is 8845663 prime?
False
Is 56599799 prime?
True
Is 2151931 a composite number?
True
Is 1399513 a prime number?
True
Is 21914851 a prime number?
False
Is 969637 a composite number?
False
Is 4346623 a composite number?
False
Is 679361 a prime number?
True
Is 126142507 composite?
False
Is 102403661 composite?
False
Is 190594697 a composite number?
True
Is 104869 a composite number?
False
Is 1481477 a prime number?
True
Is 5287229 a composite number?
False
Is 15071393 a prime number?
True
Is 3474371 a composite number?
False
Is 13712873 prime?
True
Is 200098715 prime?
False
Is 94055833 prime?
False
Is 303851 a prime number?
False
Is 7158367 prime?
True
Is 43915021 composite?
True
Is 13377811 prime?
True
Is 11439811 a composite number?
False
Is 61965041 a composite number?
True
Is 167271491 prime?
True
Is 54563177 composite?
False
Is 11840141 a prime number?
False
Is 5809205 a composite number?
True
Is 584317 a composite number?
True
Is 137159677 prime?
False
Is 77646685 composite?
True
Is 322170361 composite?
True
Is 6770713 prime?
True
Is 152489339 prime?
True
Is 84565921 a composite number?
True
Is 6438539 prime?
True
Is 3081643 a composite number?
False
Is 1150307 prime?
False
Is 499300157 prime?
True
Is 47898271 a composite number?
True
Is 4142011 composite?
False
Is 654614 prime?
False
Is 689962847 a prime number?
False
Is 65961505 a composite number?
True
Is 147377 prime?
True
Is 20390831 a composite number?
True
Is 17551693 a composite number?
False
Is 13998745 composite?
True
Is 122094983 a prime number?
True
Is 17654773 a composite number?
False
Is 151887251 prime?
True
Is 3111517 composite?
True
Is 250981 a prime number?
False
Is 63256861 a prime number?
True
Is 51256771 prime?
True
Is 8667349 a composite number?
False
Is 541227571 a composite number?
False
Is 397817339 prime?
True
Is 7163158 composite?
True
Is 30667603 prime?
False
Is 313149097 a composite number?
True
Is 7403453 composite?
False
Is 11197273 a composite number?
True
Is 915391 composite?
False
Is 5403949 prime?
True
Is 1501471 a composite number?
False
Is 9523489 a prime number?
False
Is 27412673 prime?
False
Is 7499 prime?
True
Is 197986969 a composite number?
False
Is 506327 a prime number?
True
Is 387733 composite?
True
Is 24185467 prime?
True
Is 44838659 composite?
True
Is 1519871 a prime number?
True
Is 791347 a composite number?
False
Is 101924881 prime?
True
Is 4536593 a composite number?
True
Is 45487 a composite number?
True
Is 727967 a prime number?
False
Is 17855335 a prime number?
False
Is 10134655 composite?
True
Is 240135443 a prime number?
True
Is 36024613 composite?
False
Is 78158179 prime?
False
Is 1520741 prim